 29 = -4*b + 2*c, 0 = 2*b - 3*c + 7. Let u = 5 + b. What is the units digit of ((-20)/(-12))/(u/(-9))?
5
Let u = 51 - 72. Suppose 6 = -0*v - 3*v, 50 = 2*k + 5*v. Let x = k + u. What is the units digit of x?
9
What is the tens digit of 10/(-15)*(-270)/4?
4
Suppose 6*m = 5*m - 15. Let s = m + 47. Suppose s = 4*i - 8. What is the units digit of i?
0
Suppose -2*r - 3 = -r. Let f be (-10)/(-15) - 7/r. Suppose -f*w = -6*w + 27. What is the units digit of w?
9
Let l(m) = 5*m - 1. Let w be l(3). Suppose 0 = q + 3*h - 3 - w, 0 = -5*q + 2*h + 68. What is the tens digit of q?
1
Let h = 0 + 3. Suppose 5*o - 120 = -2*x, 0*o + 2*o - 34 = 2*x. Suppose -h*f = 2*n - 8 - 0, -4*n = 3*f - o. What is the units digit of n?
7
Let i be 3 - (6*-1)/(-2). Suppose 0 = -5*b - i*b + 95. What is the tens digit of b?
1
Suppose -4*p = 3*u - 219, 4*p - 33 = 2*u - 199. Suppose 5*y = 3*a - u, -61 = -3*a - 3*y + 56. What is the units digit of a?
4
Let k(z) = 11*z**2 - 2*z - 25. What is the units digit of k(-4)?
9
Let x(q) = 2*q - 2. Let u be x(3). Suppose s = u*s. What is the units digit of (s - 1)/((-1)/2)?
2
Let i(z) = 6*z - 3. What is the tens digit of i(5)?
2
Suppose -2*p + 2*o = 0, 3*p + 4*o - 3*o - 16 = 0. Suppose p = -0*j + j. What is the units digit of j?
4
What is the units digit of -2*(-112)/((-8)/(-2))?
6
Let i(z) = -9*z - 3. Let v(j) = j. Let k(b) = i(b) + 6*v(b). What is the units digit of k(-2)?
3
Suppose k + f - 93 - 6 = 0, -3*f = -3*k + 315. What is the tens digit of k?
0
Let s = 6 + -4. Let h be 1 - -3*s/(-6). Suppose 3*p + 4*r - 10 = 7, h = 3*p + 2*r - 13. What is the units digit of p?
3
Let l be 1 - ((-3)/(-3) + -2). Suppose -l*f + 12 = -f. What is the tens digit of f?
1
Let w(r) = -r**3 - r**2 - r - 5. Let b be w(0). Suppose 12*c = 16*c + 52. Let x = b - c. What is the units digit of x?
8
Suppose 0 = 88*b - 91*b + 1053. What is the tens digit of b?
5
Let p = 555 - 332. What is the units digit of p?
3
Let x be 11/3 + (-12)/18. Suppose r + x = 6, -3*r - 51 = -4*b. What is the tens digit of b?
1
Let i(a) = a**3 - 6*a**2 + 5*a + 6. Let s = 17 + -12. Let d be i(s). Suppose 3 - d = -k. What is the units digit of k?
3
Let m = 12 + -7. Let k = 8 - m. Suppose -5*g - 3*b + 50 = 0, k*g + 3*b = 6*b + 30. What is the units digit of g?
0
Suppose -5*f + 27 = -4*f. What is the units digit of f?
7
Suppose 6 - 3 = i. Suppose o - i*o + 22 = 0. What is the units digit of o?
1
Suppose -2*u = -u - 20. What is the units digit of u?
0
Suppose 0 = o + 8 + 17. Let s be (o/(-10))/((-1)/(-2)). Suppose 4*g - s*f + 13 = 0, -3*g - 18 = 3*f - 42. What is the units digit of g?
3
What is the hundreds digit of -2*(-4)/(-52) - 2734/(-26)?
1
What is the tens digit of (1*15)/(6/54)?
3
What is the units digit of 1/(3*(-3)/(-36))?
4
Let a(j) = -j**3 - 4*j**2 + j + 5. Let f be a(-4). Let y(s) = 14*s**2 + s - 1. What is the tens digit of y(f)?
1
Let s(o) = -o**2 - 10*o + 1. What is the tens digit of s(-7)?
2
Suppose 17 = 3*k - 5*l, -k + 5*l + 9 = -0*k. Suppose 0 = -k*f - 0*f + 36. What is the units digit of f?
9
Let z = -7 + 34. What is the tens digit of z?
2
Suppose 10*o - 55 = 5*o. Suppose 11 = 2*c - o. What is the tens digit of c?
1
Suppose 0 = -9*q + 4*q. Suppose 0 = -5*u + 2*u - z + 94, q = 4*u - 2*z - 112. What is the units digit of u?
0
Suppose -3*u = a + u - 53, -56 = -a - u. What is the tens digit of a?
5
What is the units digit of (-30)/(-9)*108/15?
4
Let b(l) = -7 + 2*l + 5 + 3. Let d be (-4)/(-8)*2*1. What is the units digit of b(d)?
3
Let m(i) = 2*i**2 + 15*i - 11. What is the tens digit of m(-17)?
1
Let v(k) = -k**2 + 5*k + 5. Let p(s) = s**2 - 2*s - 3. Let f be p(-2). Let r be v(f). Suppose 3*w - 5*b = -2*b + 27, r*b = 10. What is the tens digit of w?
1
Let r(a) = 2*a - 9. Suppose 6*h - 5*w - 15 = h, 3*w = 9. What is the units digit of r(h)?
3
Let x = 12 - 4. Suppose x*b = n + 4*b - 27, -4*n = -b - 123. What is the tens digit of n?
3
Suppose 0 = 2*k + 3*k + 15. What is the tens digit of k/((-9)/6) - -8?
1
Suppose 5*a = -0*a + 10. Suppose b - 1 = a. Suppose f + 3*y = -4, -b*f - 2*f = 5*y. What is the units digit of f?
2
Let z(c) = 80*c. Let y be z(1). Suppose -y = -5*k + 25. What is the tens digit of k?
2
Suppose 2*s + 22 - 6 = 0. Let a = 15 + s. What is the units digit of a?
7
Suppose -3*i + 4*b - 58 = 0, -3*b + 6*b = 2*i + 40. Let c = 27 + i. What is the tens digit of c?
1
Suppose -z - 4 = 0, 3*z + 39 = -5*i + 527. What is the hundreds digit of i?
1
Let o = 4 + -9. Let b be (-3)/(1/o - 0). Suppose 5*a - 60 = b. What is the units digit of a?
5
Suppose -2*n = -4*o + 54 + 42, 52 = 2*o + n. What is the units digit of o?
5
Let b(p) = -p - 4. Let a be b(-8). Suppose 4*t - 68 - 24 = -a*o, -5*o - 17 = -t. What is the tens digit of t?
2
Let a(k) = -k**2 - 2*k + 2. Let t(n) = -n**3 - 6*n**2 - 3. Let y be t(-6). Let b be a(y). What is the units digit of -7*(0 + 1)*b?
7
Suppose j + 4 = 1. Let k = j + 9. Let v = 11 - k. What is the units digit of v?
5
Suppose 3*o - 206 = -v - o, -4*v + 863 = 3*o. What is the units digit of v?
8
Suppose -6*l + 281 = -373. What is the hundreds digit of l?
1
Let h(v) = 15*v**2 - v. What is the units digit of h(1)?
4
Suppose 5*j - 7 - 25 = 3*q, -3*j + 3 = 0. Let c = q - -3. What is the tens digit of (3/c)/(-1)*36?
1
Let g(u) = -u**2 - 7*u - 1. Let f be g(-6). Let i be (f/(-2))/((-4)/40). Suppose -6*x = -x - i. What is the units digit of x?
5
Let y = 4 + 0. Let p be -5*(-2)/(y - 2). Suppose -3*l = -2*v - 2, p*v - 14 = v - 3*l. What is the units digit of v?
2
Let n(s) = 7*s**2 + s + 2. What is the tens digit of n(-7)?
3
Let p = 91 + -56. What is the units digit of p?
5
Suppose -5*h + 121 = z + z, z - h = 50. What is the units digit of z?
3
Let r(k) = -k + 11. Let q be r(9). Suppose -1 = q*j - 7. Suppose l - 11 = -j. What is the units digit of l?
8
Let x = 6 + -4. Suppose 0 = -o + 3*k + 14, -x*o - 2*o + 4*k + 32 = 0. What is the units digit of o?
5
Let h(i) = 2*i**2 - 7*i + 6. Let q be h(4). Suppose -5*u - 5*n = -q, 3*n + 8 = 2*u + 2*u. What is the units digit of (-4 - u)*(2 + -3)?
6
Let w(i) = i - 1. What is the units digit of w(5)?
4
Let d = 30 + -65. Let w = -25 - d. What is the tens digit of w?
1
Let b(k) = k**3 - 10*k**2 + 11*k + 3. Let x be b(9). Suppose -4*l + i = -2*i + 1, -3*l + x = 5*i. What is the units digit of l?
2
Let s(y) = -18*y + 1. What is the units digit of s(-7)?
7
Let s = 0 + 2. Suppose s = -2*m + 18. What is the units digit of m?
8
Suppose -11*n - 20 = -7*n. Let s(f) be the second derivative of f**4/12 + f**3/2 - 3*f**2 - f. What is the units digit of s(n)?
4
Let f = 31 + 10. What is the units digit of f?
1
Let i(j) = -2*j - 5. What is the units digit of i(-15)?
5
Let y(i) = 9*i - 1. Let d be y(1). Suppose d = s + s. Suppose 0*m - 2*m = s*g - 6, 4*m + 8 = -3*g. What is the units digit of g?
4
Let d = 102 - 13. What is the tens digit of d?
8
Let q(t) = -t**2 + 15*t + 11. What is the tens digit of q(7)?
6
Let v(l) = l**2 - l + 6. Let j be v(0). Let b be (1 + 1)*j/(-2). What is the units digit of 4/6*(-27)/b?
3
What is the tens digit of 548/7 - (10/35 - 0)?
7
Let p = 1 - 1. Suppose -2*c + 14 = -p. What is the units digit of c?
7
Let h be (-1)/(-4) - (-220)/16. Let g be 4/(-14) - (-144)/h. What is the units digit of g/(-8)*(-2 - 2)?
5
Let q be (-110)/6 - 7/(-21). Let j = 55 + q. What is the units digit of j?
7
Let c(v) = 8*v**2 - 10*v - 8. What is the units digit of c(-4)?
0
What is the units digit of -1*((-8 - 3) + 4)?
7
What is the units digit of (-11 + (-1)/(-1) + 1)*-19?
1
Let d be (-7 - -3)/(6/3). What is the tens digit of (11/3)/(d/(-12))?
2
Let q(h) = -21*h**3 - h**2 + h + 2. What is the units digit of q(-1)?
1
Let m be -15*(5/3 + -2). Suppose 186 = 4*z + 5*n + 54, m*z - 5*n - 120 = 0. Suppose z - 8 = 4*h. What is the units digit of h?
5
Let w = -53 - -101. What is the tens digit of w?
4
Let z(f) = 6*f - 2. What is the tens digit of z(3)?
1
Let w(j) = 22*j + 32. What is the units digit of w(10)?
2
Suppose 80 = 4*p + p. Let z = p - 6. What is the units digit of z?
0
Let u(l) = l - 1. Suppose 4*v - 2 = -2*g, 4*g = 3*v + 5*g. Let c be u(v). What is the tens digit of 3 - -6 - 4/c?
1
Let s(h) = -h**2 - 6*h. Let p be s(-5). Suppose 3 + 27 = p*d. What is the units digit of d?
6
Let v = 50 + -35. Let h = -6 + v. What is the units digit of h?
9
Suppos